{"id":55,"date":"2023-03-22T16:00:19","date_gmt":"2023-03-22T15:00:19","guid":{"rendered":"http:\/\/serwer2068182.home.pl\/autoinstalator\/wordpress2\/?page_id=55"},"modified":"2025-11-09T19:23:56","modified_gmt":"2025-11-09T18:23:56","slug":"kontakt","status":"publish","type":"page","link":"http:\/\/dawidmnich.pl\/index.php\/kontakt\/","title":{"rendered":"KONTAKT"},"content":{"rendered":"\n<h2 class=\"wp-block-heading has-large-font-size\"><div class=\"main-container\"><div class=\"content-area\"><div class=\"middle-align content_sidebar\"><div class=\"site-main\" id=\"sitemain\"><article id=\"post-103\" class=\"post-103 page type-page status-publish hentry\"><div class=\"entry-content\"><div class=\"wp-block-media-text alignwide\"><div class=\"wp-block-media-text__content\"><p style=\"font-size:18px\"><\/p><\/div><\/div><\/div><\/article><\/div><\/div><\/div><\/div><\/h2>\n\n\n\n<div class=\"wp-block-media-text alignwide has-media-on-the-right is-stacked-on-mobile\"><div class=\"wp-block-media-text__content\">\n<h2 class=\"wp-block-heading\"><strong>Biuro w Pszczynie<\/strong> (pracownia j\u0119zykowa i pracownia t\u0142umaczeniowa)<\/h2>\n\n\n\n<h2 class=\"wp-block-heading\">Zapraszam do biura w Pszczynie, mieszcz\u0105cego si\u0119 w najnowszym, nowoczesnym centrum biurowym w <strong>Pszczynie \u2013 przy ul. Bogedaina 16A<\/strong> (mi\u0119dzy S\u0105dem Rejonowym a Komend\u0105 Policji).<\/h2>\n\n\n\n<h2 class=\"wp-block-heading\">W budynku mie\u015bci si\u0119 r\u00f3wnie\u017c <strong>kancelaria adwokacka<\/strong>, <strong>kancelaria notarialna<\/strong>, <strong>biuro rachunkowe<\/strong> i <strong>gabinet psychologa.<\/strong><\/h2>\n\n\n\n<h2 class=\"wp-block-heading\">Nowoczesne, wygodne miejsce do pracy i spotka\u0144 z klientami znajduje si\u0119 na drugim pi\u0119trze budynku z <strong>wind\u0105 i bezp\u0142atnym parkingiem<\/strong> dla klient\u00f3w.<\/h2>\n\n\n\n<h2 class=\"wp-block-heading\"><\/h2>\n\n\n\n<p>Dane rejestrowe:<\/p>\n\n\n\n<p class=\"has-black-color has-text-color has-medium-font-size\"><strong>PROLINGUA DAWID MNICH<\/strong><\/p>\n\n\n\n<p class=\"has-black-color has-text-color has-medium-font-size\">UL. BOGEDAINA 16A, 43-200 PSZCZYNA<\/p>\n\n\n\n<p class=\"has-black-color has-text-color has-medium-font-size\">NIP: 652-127-03-37<\/p>\n\n\n\n<p><\/p>\n<\/div><figure class=\"wp-block-media-text__media\"><img loading=\"lazy\" decoding=\"async\" width=\"1024\" height=\"683\" src=\"http:\/\/serwer2068182.home.pl\/autoinstalator\/wordpress2\/wp-content\/uploads\/2023\/04\/MGDX1848-1024x683.jpg\" alt=\"\" class=\"wp-image-513 size-full\" srcset=\"http:\/\/dawidmnich.pl\/wp-content\/uploads\/2023\/04\/MGDX1848-1024x683.jpg 1024w, http:\/\/dawidmnich.pl\/wp-content\/uploads\/2023\/04\/MGDX1848-300x200.jpg 300w, http:\/\/dawidmnich.pl\/wp-content\/uploads\/2023\/04\/MGDX1848-768x512.jpg 768w, http:\/\/dawidmnich.pl\/wp-content\/uploads\/2023\/04\/MGDX1848-1536x1025.jpg 1536w, http:\/\/dawidmnich.pl\/wp-content\/uploads\/2023\/04\/MGDX1848-2048x1367.jpg 2048w\" sizes=\"auto, (max-width: 1024px) 100vw, 1024px\" \/><\/figure><\/div>\n\n\n\n<div class=\"wp-block-media-text alignwide is-stacked-on-mobile\" style=\"grid-template-columns:15% auto\"><figure class=\"wp-block-media-text__media\"><img loading=\"lazy\" decoding=\"async\" width=\"512\" height=\"512\" src=\"http:\/\/serwer2068182.home.pl\/autoinstalator\/wordpress2\/wp-content\/uploads\/2023\/04\/phone-1.png\" alt=\"\" class=\"wp-image-526 size-full\" srcset=\"http:\/\/dawidmnich.pl\/wp-content\/uploads\/2023\/04\/phone-1.png 512w, http:\/\/dawidmnich.pl\/wp-content\/uploads\/2023\/04\/phone-1-300x300.png 300w, http:\/\/dawidmnich.pl\/wp-content\/uploads\/2023\/04\/phone-1-150x150.png 150w\" sizes=\"auto, (max-width: 512px) 100vw, 512px\" \/><\/figure><div class=\"wp-block-media-text__content\">\n<p class=\"has-black-color has-text-color has-large-font-size\"><strong>Tel. 607 340 824<\/strong><\/p>\n\n\n\n<p class=\"has-black-color has-text-color has-medium-font-size\"><strong>(Od 8:00 do 20:00 od poniedzia\u0142ku do soboty)<\/strong><\/p>\n<\/div><\/div>\n\n\n\n<div class=\"wp-block-media-text alignwide is-stacked-on-mobile\" style=\"grid-template-columns:15% auto\"><figure class=\"wp-block-media-text__media\"><img loading=\"lazy\" decoding=\"async\" width=\"512\" height=\"512\" src=\"http:\/\/serwer2068182.home.pl\/autoinstalator\/wordpress2\/wp-content\/uploads\/2023\/04\/mail-7.png\" alt=\"\" class=\"wp-image-535 size-full\" srcset=\"http:\/\/dawidmnich.pl\/wp-content\/uploads\/2023\/04\/mail-7.png 512w, http:\/\/dawidmnich.pl\/wp-content\/uploads\/2023\/04\/mail-7-300x300.png 300w, http:\/\/dawidmnich.pl\/wp-content\/uploads\/2023\/04\/mail-7-150x150.png 150w\" sizes=\"auto, (max-width: 512px) 100vw, 512px\" \/><\/figure><div class=\"wp-block-media-text__content\">\n<p class=\"has-black-color has-text-color has-large-font-size\"><strong>E-mail: d.mnich@interia.pl<\/strong><\/p>\n<\/div><\/div>\n","protected":false},"excerpt":{"rendered":"<p>Biuro w Pszczynie (pracownia j\u0119zykowa i pracownia t\u0142umaczeniowa) Zapraszam do biura w Pszczynie, mieszcz\u0105cego si\u0119 w najnowszym, nowoczesnym centrum biurowym w Pszczynie \u2013 przy ul. Bogedaina 16A (mi\u0119dzy S\u0105dem Rejonowym a Komend\u0105 Policji). W budynku mie\u015bci si\u0119 r\u00f3wnie\u017c kancelaria adwokacka, kancelaria notarialna, biuro rachunkowe i gabinet psychologa. Nowoczesne, wygodne miejsce do pracy i spotka\u0144 z [&hellip;]<\/p>\n","protected":false},"author":1,"featured_media":0,"parent":0,"menu_order":0,"comment_status":"closed","ping_status":"closed","template":"","meta":{"footnotes":""},"class_list":["post-55","page","type-page","status-publish","hentry"],"_links":{"self":[{"href":"http:\/\/dawidmnich.pl\/index.php\/wp-json\/wp\/v2\/pages\/55","targetHints":{"allow":["GET"]}}],"collection":[{"href":"http:\/\/dawidmnich.pl\/index.php\/wp-json\/wp\/v2\/pages"}],"about":[{"href":"http:\/\/dawidmnich.pl\/index.php\/wp-json\/wp\/v2\/types\/page"}],"author":[{"embeddable":true,"href":"http:\/\/dawidmnich.pl\/index.php\/wp-json\/wp\/v2\/users\/1"}],"replies":[{"embeddable":true,"href":"http:\/\/dawidmnich.pl\/index.php\/wp-json\/wp\/v2\/comments?post=55"}],"version-history":[{"count":17,"href":"http:\/\/dawidmnich.pl\/index.php\/wp-json\/wp\/v2\/pages\/55\/revisions"}],"predecessor-version":[{"id":630,"href":"http:\/\/dawidmnich.pl\/index.php\/wp-json\/wp\/v2\/pages\/55\/revisions\/630"}],"wp:attachment":[{"href":"http:\/\/dawidmnich.pl\/index.php\/wp-json\/wp\/v2\/media?parent=55"}],"curies":[{"name":"wp","href":"https:\/\/api.w.org\/{rel}","templated":true}]}}

<h2 class="wp-block-heading has-large-font-size"><div class="main-container"><div class="content-area"><div class="middle-align content_sidebar"><div class="site-main" id="sitemain"><article id="post-103" class="post-103 page type-page status-publish hentry"><div class="entry-content"><div class="wp-block-media-text alignwide"><div class="wp-block-media-text__content"><p style="font-size:18px"></p></div></div></div></article></div></div></div></div></h2>



<div class="wp-block-media-text alignwide has-media-on-the-right is-stacked-on-mobile"><div class="wp-block-media-text__content">
<h2 class="wp-block-heading"><strong>Biuro w Pszczynie</strong> (pracownia językowa i pracownia tłumaczeniowa)</h2>



<h2 class="wp-block-heading">Zapraszam do biura w Pszczynie, mieszczącego się w najnowszym, nowoczesnym centrum biurowym w <strong>Pszczynie – przy ul. Bogedaina 16A</strong> (między Sądem Rejonowym a Komendą Policji).</h2>



<h2 class="wp-block-heading">W budynku mieści się również <strong>kancelaria adwokacka</strong>, <strong>kancelaria notarialna</strong>, <strong>biuro rachunkowe</strong> i <strong>gabinet psychologa.</strong></h2>



<h2 class="wp-block-heading">Nowoczesne, wygodne miejsce do pracy i spotkań z klientami znajduje się na drugim piętrze budynku z <strong>windą i bezpłatnym parkingiem</strong> dla klientów.</h2>



<h2 class="wp-block-heading"></h2>



<p>Dane rejestrowe:</p>



<p class="has-black-color has-text-color has-medium-font-size"><strong>PROLINGUA DAWID MNICH</strong></p>



<p class="has-black-color has-text-color has-medium-font-size">UL. BOGEDAINA 16A, 43-200 PSZCZYNA</p>



<p class="has-black-color has-text-color has-medium-font-size">NIP: 652-127-03-37</p>



<p></p>
</div><figure class="wp-block-media-text__media"><img loading="lazy" decoding="async" width="1024" height="683" src="http://serwer2068182.home.pl/autoinstalator/wordpress2/wp-content/uploads/2023/04/MGDX1848-1024x683.jpg" alt="" class="wp-image-513 size-full" srcset="http://dawidmnich.pl/wp-content/uploads/2023/04/MGDX1848-1024x683.jpg 1024w, http://dawidmnich.pl/wp-content/uploads/2023/04/MGDX1848-300x200.jpg 300w, http://dawidmnich.pl/wp-content/uploads/2023/04/MGDX1848-768x512.jpg 768w, http://dawidmnich.pl/wp-content/uploads/2023/04/MGDX1848-1536x1025.jpg 1536w, http://dawidmnich.pl/wp-content/uploads/2023/04/MGDX1848-2048x1367.jpg 2048w" sizes="auto, (max-width: 1024px) 100vw, 1024px" /></figure></div>



<div class="wp-block-media-text alignwide is-stacked-on-mobile" style="grid-template-columns:15% auto"><figure class="wp-block-media-text__media"><img loading="lazy" decoding="async" width="512" height="512" src="http://serwer2068182.home.pl/autoinstalator/wordpress2/wp-content/uploads/2023/04/phone-1.png" alt="" class="wp-image-526 size-full" srcset="http://dawidmnich.pl/wp-content/uploads/2023/04/phone-1.png 512w, http://dawidmnich.pl/wp-content/uploads/2023/04/phone-1-300x300.png 300w, http://dawidmnich.pl/wp-content/uploads/2023/04/phone-1-150x150.png 150w" sizes="auto, (max-width: 512px) 100vw, 512px" /></figure><div class="wp-block-media-text__content">
<p class="has-black-color has-text-color has-large-font-size"><strong>Tel. 607 340 824</strong></p>



<p class="has-black-color has-text-color has-medium-font-size"><strong>(Od 8:00 do 20:00 od poniedziałku do soboty)</strong></p>
</div></div>



<div class="wp-block-media-text alignwide is-stacked-on-mobile" style="grid-template-columns:15% auto"><figure class="wp-block-media-text__media"><img loading="lazy" decoding="async" width="512" height="512" src="http://serwer2068182.home.pl/autoinstalator/wordpress2/wp-content/uploads/2023/04/mail-7.png" alt="" class="wp-image-535 size-full" srcset="http://dawidmnich.pl/wp-content/uploads/2023/04/mail-7.png 512w, http://dawidmnich.pl/wp-content/uploads/2023/04/mail-7-300x300.png 300w, http://dawidmnich.pl/wp-content/uploads/2023/04/mail-7-150x150.png 150w" sizes="auto, (max-width: 512px) 100vw, 512px" /></figure><div class="wp-block-media-text__content">
<p class="has-black-color has-text-color has-large-font-size"><strong>E-mail: d.mnich@interia.pl</strong></p>
</div></div>

<p>Biuro w Pszczynie (pracownia językowa i pracownia tłumaczeniowa) Zapraszam do biura w Pszczynie, mieszczącego się w najnowszym, nowoczesnym centrum biurowym w Pszczynie – przy ul. Bogedaina 16A (między Sądem Rejonowym a Komendą Policji). W budynku mieści się również kancelaria adwokacka, kancelaria notarialna, biuro rachunkowe i gabinet psychologa. Nowoczesne, wygodne miejsce do pracy i spotkań z [&hellip;]</p>
