{"id":850,"date":"2025-12-29T15:18:03","date_gmt":"2025-12-29T14:18:03","guid":{"rendered":"https:\/\/dawidmnich.pl\/?page_id=850"},"modified":"2025-12-29T16:11:16","modified_gmt":"2025-12-29T15:11:16","slug":"dowiedz-sie-wiecej-o-mnie-zanim-sie-zdecydujesz","status":"publish","type":"page","link":"http:\/\/dawidmnich.pl\/index.php\/dowiedz-sie-wiecej-o-mnie-zanim-sie-zdecydujesz\/","title":{"rendered":"Dowiedz si\u0119 wi\u0119cej o mnie, zanim si\u0119 zdecydujesz!"},"content":{"rendered":"\n<div class=\"wp-block-media-text has-media-on-the-right is-stacked-on-mobile is-vertically-aligned-top\" style=\"grid-template-columns:auto 31%\"><div class=\"wp-block-media-text__content\">\n<h2 class=\"wp-block-heading has-medium-font-size\"><strong>T\u0142umacz prawniczy i biznesowy, t\u0142umacz przysi\u0119g\u0142y pisemny i ustny (s\u0105dowy i publiczny) j\u0119zyka angielskiego, autentycznie zainteresowany polskim i angielskim prawem um\u00f3w, prawem sp\u00f3\u0142ek i prawem rodzinnym. Od blisko 30 lat r\u00f3wnie\u017c prywatny nauczyciel j\u0119zyka angielskiego i konsultant j\u0119zykowy.<\/strong><\/h2>\n\n\n\n<h2 class=\"wp-block-heading has-medium-font-size\">Mediator s\u0105dowy w sprawach cywilnych (w tym rodzinnych i gospodarczych) przy S\u0105dzie Okr\u0119gowym w Katowicach i S\u0105dzie Okr\u0119gowym w Bielsku-Bia\u0142ej<\/h2>\n\n\n\n<h2 class=\"wp-block-heading has-medium-font-size\">Wsp\u00f3\u0142pracownik w Katedrze Przek\u0142adoznawstwa Wydzia\u0142u Filologicznego Uniwersytetu Jagiello\u0144skiego<\/h2>\n\n\n\n<h2 class=\"wp-block-heading has-medium-font-size\">Cz\u0142onek zwyczajny (MCIL) i Chartered Linguist (CL) w Chartered Institute of Linguists (Wielka Brytania) oraz cz\u0142onek zwyczajny (MITI) brytyjskiego Institute of Translation and Interpreting.<\/h2>\n\n\n\n<h2 class=\"wp-block-heading has-medium-font-size\">Studiowa\u0142 prawo angielskie pod okiem brytyjskich prawnik\u00f3w z Uniwersytetu w Cambridge, polskie prawo um\u00f3w na Uniwersytecie Jagiello\u0144skim, mediacje i inne metody alternatywnego rozwi\u0105zywania spor\u00f3w na Uniwersytecie Jagiello\u0144skim, translatoryk\u0119 na Uniwersytecie \u015al\u0105skim oraz socjologi\u0119 gospodarki tam\u017ce.<\/h2>\n\n\n\n<h2 class=\"wp-block-heading has-medium-font-size\">Prowadzi szkolenia z t\u0142umaczenia prawa um\u00f3w. Wyst\u0119puje jako prelegent na konferencjach bran\u017cowych. Od 25 lat pracuje z osobami w ka\u017cdym wieku, staraj\u0105c si\u0119 zaszczepi\u0107 w nich pasj\u0119 do j\u0119zyk\u00f3w obcych i pokaza\u0107, \u017ce nauka j\u0119zyka mo\u017ce by\u0107 \u015bwietn\u0105 zabaw\u0105.<\/h2>\n\n\n\n<h2 class=\"wp-block-heading has-medium-font-size\">Cz\u0142onek Zarz\u0105du Zwi\u0105zku Zawodowego T\u0142umaczy Przysi\u0119g\u0142ych w Polsce (ZZTPwP)<\/h2>\n<\/div><figure class=\"wp-block-media-text__media\"><img loading=\"lazy\" decoding=\"async\" width=\"683\" height=\"1024\" src=\"https:\/\/dawidmnich.pl\/wp-content\/uploads\/2025\/12\/Zdjecie-profilowe-683x1024.jpg\" alt=\"\" class=\"wp-image-851 size-full\" srcset=\"http:\/\/dawidmnich.pl\/wp-content\/uploads\/2025\/12\/Zdjecie-profilowe-683x1024.jpg 683w, http:\/\/dawidmnich.pl\/wp-content\/uploads\/2025\/12\/Zdjecie-profilowe-200x300.jpg 200w, http:\/\/dawidmnich.pl\/wp-content\/uploads\/2025\/12\/Zdjecie-profilowe-768x1151.jpg 768w, http:\/\/dawidmnich.pl\/wp-content\/uploads\/2025\/12\/Zdjecie-profilowe-1025x1536.jpg 1025w, http:\/\/dawidmnich.pl\/wp-content\/uploads\/2025\/12\/Zdjecie-profilowe-1367x2048.jpg 1367w, http:\/\/dawidmnich.pl\/wp-content\/uploads\/2025\/12\/Zdjecie-profilowe-scaled.jpg 1708w\" sizes=\"auto, (max-width: 683px) 100vw, 683px\" \/><\/figure><\/div>\n\n\n\n<h1 class=\"wp-block-heading has-medium-font-size\"><strong>Od ponad dw\u00f3ch dekad pracuj\u0119 s\u0142owami dla ambitnych prawnik\u00f3w i nieprzeci\u0119tnych przedsi\u0119biorc\u00f3w z wszystkich bran\u017c, pomagaj\u0105c im rozwija\u0107 si\u0119 i odnosi\u0107 sukcesy.<\/strong><\/h1>\n\n\n\n<h1 class=\"wp-block-heading has-medium-font-size\"><strong>Po 25 latach intensywnej pracy nad swoim warsztatem t\u0142umaczeniowym dziel\u0119 si\u0119 wiedz\u0105 i do\u015bwiadczeniem z kandydatami do egzaminu na t\u0142umacza przysi\u0119g\u0142ego i praktykuj\u0105cymi ju\u017c t\u0142umaczami.<\/strong><\/h1>\n\n\n\n<h1 class=\"wp-block-heading has-vivid-red-color has-text-color has-link-color has-large-font-size wp-elements-c90028ca7bcd3f94aa2548794e0fe398\"><strong>Do\u015bwiadczenie<\/strong><\/h1>\n\n\n\n<h2 class=\"wp-block-heading has-medium-font-size\">Wsp\u00f3\u0142pracuj\u0119 z Katedr\u0105 Przek\u0142adoznawstwa Uniwersytetu Jagiello\u0144skiego, gdzie na studiach podyplomowych prowadz\u0119 \u2013 wed\u0142ug autorskiego programu \u2013 praktyczne zaj\u0119cia z t\u0142umaczenia specjalistycznego.<\/h2>\n\n\n\n<h2 class=\"wp-block-heading has-medium-font-size\">Dla Akademii Diuna (Yelloe Diuna Academy) prowadz\u0119 \u2013 wed\u0142ug autorskiego programu \u2013 kurs przygotowuj\u0105cy kandydat\u00f3w do egzaminu na t\u0142umacza przysi\u0119g\u0142ego.<\/h2>\n\n\n\n<h2 class=\"wp-block-heading has-medium-font-size\">W 2022 r. poprowadzi\u0142em (tak\u017ce wed\u0142ug autorskiego programu) sk\u0142adaj\u0105cy si\u0119 z sze\u015bciu sesji kurs t\u0142umaczenia um\u00f3w na j\u0119zyk angielski.<\/h2>\n\n\n\n<h2 class=\"wp-block-heading has-medium-font-size\">Prowadz\u0119 te\u017c bezp\u0142atne wyk\u0142ady (prelekcje) dla student\u00f3w anglistyki Uniwersytetu Bielsko-Bialskiego, przybli\u017caj\u0105c m\u0142odym anglistom blaski i cienie t\u0142umaczeniowej codzienno\u015bci.<\/h2>\n\n\n\n<h2 class=\"wp-block-heading has-medium-font-size\">Na bie\u017c\u0105co w swojej pracowni j\u0119zykowej ucz\u0119 polskich prawnik\u00f3w angielskiego j\u0119zyka prawniczego.<\/h2>\n\n\n\n<h1 class=\"wp-block-heading has-vivid-red-color has-text-color has-link-color wp-elements-badd033d091af1abb99489ddea4f596d\"><strong>Wykszta\u0142cenie<\/strong><\/h1>\n\n\n\n<h2 class=\"wp-block-heading has-text-color has-link-color wp-elements-b522fd9b8d909c84307b55608a79653b\" style=\"color:#094f77\"><em>t\u0142umacz specjalistyczny, t\u0142umacz przysi\u0119g\u0142y, konsultant j\u0119zykowy, nauczyciel, mediator s\u0105dowy, socjolog gospodarki<\/em><\/h2>\n\n\n\n<ul class=\"wp-block-list\">\n<li><strong>Mediacja i Inne Alternatywne Metody Rozwi\u0105zywania Spor\u00f3w<\/strong>, Wydzia\u0142 Prawa i Administracji, Uniwersytet Jagiello\u0144ski (2024 \u2013 2025)<\/li>\n\n\n\n<li><strong>Diploma in Translation (DipTrans)<\/strong>, IoLET, Chartered Institute of Linguists (CIOL), Londyn, 2021 (Law and Business)<\/li>\n\n\n\n<li><strong>Prawo um\u00f3w w obrocie profesjonalnym i konsumenckim<\/strong>, Katedra Prawa Rzymskiego, Wydzia\u0142 Prawa i Administracji, Uniwersytet Jagiello\u0144ski (2021 \u2013 2022) (studia podyplomowe)<\/li>\n\n\n\n<li><strong>Certyfikat TOLES Advanced<\/strong> (mi\u0119dzynarodowy egzamin ze znajomo\u015bci angielskiego j\u0119zyka prawniczego na poziomie profesjonalnym)<\/li>\n\n\n\n<li><strong>Diploma in (English) Commercial Law<\/strong>, British Law Centre \/ University of Cambridge \/ University of Wroc\u0142aw (2020 \u2013 2021)<\/li>\n\n\n\n<li><strong>Diploma in English Law and Legal Skills<\/strong>, British Law Centre \/ University of Cambridge \/ University of Wroc\u0142aw (2018 \u2013 2019)<\/li>\n\n\n\n<li><strong>2-letnie specjalistyczne studia podyplomowe dla t\u0142umaczy pisemnych i ustnych j\u0119zyka angielskiego<\/strong> (Instytut J\u0119zyka Angielskiego, Wydzia\u0142 Filologiczny Uniwersytetu \u015al\u0105skiego)<\/li>\n\n\n\n<li><strong>Magister socjologii<\/strong> na Wydziale Nauk Spo\u0142ecznych Uniwersytetu \u015al\u0105skiego<\/li>\n\n\n\n<li><strong>Licencjat socjologii<\/strong> gospodarki w Wy\u017cszej Szkole Nauk Spo\u0142ecznych i Zarz\u0105dzania w Tychach<\/li>\n<\/ul>\n\n\n\n<p><\/p>\n","protected":false},"excerpt":{"rendered":"<p>T\u0142umacz prawniczy i biznesowy, t\u0142umacz przysi\u0119g\u0142y pisemny i ustny (s\u0105dowy i publiczny) j\u0119zyka angielskiego, autentycznie zainteresowany polskim i angielskim prawem um\u00f3w, prawem sp\u00f3\u0142ek i prawem rodzinnym. Od blisko 30 lat r\u00f3wnie\u017c prywatny nauczyciel j\u0119zyka angielskiego i konsultant j\u0119zykowy. Mediator s\u0105dowy w sprawach cywilnych (w tym rodzinnych i gospodarczych) przy S\u0105dzie Okr\u0119gowym w Katowicach i S\u0105dzie [&hellip;]<\/p>\n","protected":false},"author":1,"featured_media":0,"parent":0,"menu_order":0,"comment_status":"closed","ping_status":"closed","template":"","meta":{"footnotes":""},"class_list":["post-850","page","type-page","status-publish","hentry"],"_links":{"self":[{"href":"http:\/\/dawidmnich.pl\/index.php\/wp-json\/wp\/v2\/pages\/850","targetHints":{"allow":["GET"]}}],"collection":[{"href":"http:\/\/dawidmnich.pl\/index.php\/wp-json\/wp\/v2\/pages"}],"about":[{"href":"http:\/\/dawidmnich.pl\/index.php\/wp-json\/wp\/v2\/types\/page"}],"author":[{"embeddable":true,"href":"http:\/\/dawidmnich.pl\/index.php\/wp-json\/wp\/v2\/users\/1"}],"replies":[{"embeddable":true,"href":"http:\/\/dawidmnich.pl\/index.php\/wp-json\/wp\/v2\/comments?post=850"}],"version-history":[{"count":12,"href":"http:\/\/dawidmnich.pl\/index.php\/wp-json\/wp\/v2\/pages\/850\/revisions"}],"predecessor-version":[{"id":889,"href":"http:\/\/dawidmnich.pl\/index.php\/wp-json\/wp\/v2\/pages\/850\/revisions\/889"}],"wp:attachment":[{"href":"http:\/\/dawidmnich.pl\/index.php\/wp-json\/wp\/v2\/media?parent=850"}],"curies":[{"name":"wp","href":"https:\/\/api.w.org\/{rel}","templated":true}]}}

Dowiedz się więcej o mnie, zanim się zdecydujesz!

<div class="wp-block-media-text has-media-on-the-right is-stacked-on-mobile is-vertically-aligned-top" style="grid-template-columns:auto 31%"><div class="wp-block-media-text__content">
<h2 class="wp-block-heading has-medium-font-size"><strong>Tłumacz prawniczy i biznesowy, tłumacz przysięgły pisemny i ustny (sądowy i publiczny) języka angielskiego, autentycznie zainteresowany polskim i angielskim prawem umów, prawem spółek i prawem rodzinnym. Od blisko 30 lat również prywatny nauczyciel języka angielskiego i konsultant językowy.</strong></h2>



<h2 class="wp-block-heading has-medium-font-size">Mediator sądowy w sprawach cywilnych (w tym rodzinnych i gospodarczych) przy Sądzie Okręgowym w Katowicach i Sądzie Okręgowym w Bielsku-Białej</h2>



<h2 class="wp-block-heading has-medium-font-size">Współpracownik w Katedrze Przekładoznawstwa Wydziału Filologicznego Uniwersytetu Jagiellońskiego</h2>



<h2 class="wp-block-heading has-medium-font-size">Członek zwyczajny (MCIL) i Chartered Linguist (CL) w Chartered Institute of Linguists (Wielka Brytania) oraz członek zwyczajny (MITI) brytyjskiego Institute of Translation and Interpreting.</h2>



<h2 class="wp-block-heading has-medium-font-size">Studiował prawo angielskie pod okiem brytyjskich prawników z Uniwersytetu w Cambridge, polskie prawo umów na Uniwersytecie Jagiellońskim, mediacje i inne metody alternatywnego rozwiązywania sporów na Uniwersytecie Jagiellońskim, translatorykę na Uniwersytecie Śląskim oraz socjologię gospodarki tamże.</h2>



<h2 class="wp-block-heading has-medium-font-size">Prowadzi szkolenia z tłumaczenia prawa umów. Występuje jako prelegent na konferencjach branżowych. Od 25 lat pracuje z osobami w każdym wieku, starając się zaszczepić w nich pasję do języków obcych i pokazać, że nauka języka może być świetną zabawą.</h2>



<h2 class="wp-block-heading has-medium-font-size">Członek Zarządu Związku Zawodowego Tłumaczy Przysięgłych w Polsce (ZZTPwP)</h2>
</div><figure class="wp-block-media-text__media"><img loading="lazy" decoding="async" width="683" height="1024" src="https://dawidmnich.pl/wp-content/uploads/2025/12/Zdjecie-profilowe-683x1024.jpg" alt="" class="wp-image-851 size-full" srcset="http://dawidmnich.pl/wp-content/uploads/2025/12/Zdjecie-profilowe-683x1024.jpg 683w, http://dawidmnich.pl/wp-content/uploads/2025/12/Zdjecie-profilowe-200x300.jpg 200w, http://dawidmnich.pl/wp-content/uploads/2025/12/Zdjecie-profilowe-768x1151.jpg 768w, http://dawidmnich.pl/wp-content/uploads/2025/12/Zdjecie-profilowe-1025x1536.jpg 1025w, http://dawidmnich.pl/wp-content/uploads/2025/12/Zdjecie-profilowe-1367x2048.jpg 1367w, http://dawidmnich.pl/wp-content/uploads/2025/12/Zdjecie-profilowe-scaled.jpg 1708w" sizes="auto, (max-width: 683px) 100vw, 683px" /></figure></div>



<h1 class="wp-block-heading has-medium-font-size"><strong>Od ponad dwóch dekad pracuję słowami dla ambitnych prawników i nieprzeciętnych przedsiębiorców z wszystkich branż, pomagając im rozwijać się i odnosić sukcesy.</strong></h1>



<h1 class="wp-block-heading has-medium-font-size"><strong>Po 25 latach intensywnej pracy nad swoim warsztatem tłumaczeniowym dzielę się wiedzą i doświadczeniem z kandydatami do egzaminu na tłumacza przysięgłego i praktykującymi już tłumaczami.</strong></h1>



<h1 class="wp-block-heading has-vivid-red-color has-text-color has-link-color has-large-font-size wp-elements-c90028ca7bcd3f94aa2548794e0fe398"><strong>Doświadczenie</strong></h1>



<h2 class="wp-block-heading has-medium-font-size">Współpracuję z Katedrą Przekładoznawstwa Uniwersytetu Jagiellońskiego, gdzie na studiach podyplomowych prowadzę – według autorskiego programu – praktyczne zajęcia z tłumaczenia specjalistycznego.</h2>



<h2 class="wp-block-heading has-medium-font-size">Dla Akademii Diuna (Yelloe Diuna Academy) prowadzę – według autorskiego programu – kurs przygotowujący kandydatów do egzaminu na tłumacza przysięgłego.</h2>



<h2 class="wp-block-heading has-medium-font-size">W 2022 r. poprowadziłem (także według autorskiego programu) składający się z sześciu sesji kurs tłumaczenia umów na język angielski.</h2>



<h2 class="wp-block-heading has-medium-font-size">Prowadzę też bezpłatne wykłady (prelekcje) dla studentów anglistyki Uniwersytetu Bielsko-Bialskiego, przybliżając młodym anglistom blaski i cienie tłumaczeniowej codzienności.</h2>



<h2 class="wp-block-heading has-medium-font-size">Na bieżąco w swojej pracowni językowej uczę polskich prawników angielskiego języka prawniczego.</h2>



<h1 class="wp-block-heading has-vivid-red-color has-text-color has-link-color wp-elements-badd033d091af1abb99489ddea4f596d"><strong>Wykształcenie</strong></h1>



<h2 class="wp-block-heading has-text-color has-link-color wp-elements-b522fd9b8d909c84307b55608a79653b" style="color:#094f77"><em>tłumacz specjalistyczny, tłumacz przysięgły, konsultant językowy, nauczyciel, mediator sądowy, socjolog gospodarki</em></h2>



<ul class="wp-block-list">
<li><strong>Mediacja i Inne Alternatywne Metody Rozwiązywania Sporów</strong>, Wydział Prawa i Administracji, Uniwersytet Jagielloński (2024 – 2025)</li>



<li><strong>Diploma in Translation (DipTrans)</strong>, IoLET, Chartered Institute of Linguists (CIOL), Londyn, 2021 (Law and Business)</li>



<li><strong>Prawo umów w obrocie profesjonalnym i konsumenckim</strong>, Katedra Prawa Rzymskiego, Wydział Prawa i Administracji, Uniwersytet Jagielloński (2021 – 2022) (studia podyplomowe)</li>



<li><strong>Certyfikat TOLES Advanced</strong> (międzynarodowy egzamin ze znajomości angielskiego języka prawniczego na poziomie profesjonalnym)</li>



<li><strong>Diploma in (English) Commercial Law</strong>, British Law Centre / University of Cambridge / University of Wrocław (2020 – 2021)</li>



<li><strong>Diploma in English Law and Legal Skills</strong>, British Law Centre / University of Cambridge / University of Wrocław (2018 – 2019)</li>



<li><strong>2-letnie specjalistyczne studia podyplomowe dla tłumaczy pisemnych i ustnych języka angielskiego</strong> (Instytut Języka Angielskiego, Wydział Filologiczny Uniwersytetu Śląskiego)</li>



<li><strong>Magister socjologii</strong> na Wydziale Nauk Społecznych Uniwersytetu Śląskiego</li>



<li><strong>Licencjat socjologii</strong> gospodarki w Wyższej Szkole Nauk Społecznych i Zarządzania w Tychach</li>
</ul>



<p></p>

<p>Tłumacz prawniczy i biznesowy, tłumacz przysięgły pisemny i ustny (sądowy i publiczny) języka angielskiego, autentycznie zainteresowany polskim i angielskim prawem umów, prawem spółek i prawem rodzinnym. Od blisko 30 lat również prywatny nauczyciel języka angielskiego i konsultant językowy. Mediator sądowy w sprawach cywilnych (w tym rodzinnych i gospodarczych) przy Sądzie Okręgowym w Katowicach i Sądzie [&hellip;]</p>
